are the prime factors of x(k)?
2
Let q = 80 + -55. What are the prime factors of q?
5
Suppose -p - 89 + 239 = 0. What are the prime factors of p?
2, 3, 5
Let h be (0 + 1 + -2)*-2. Let g = 7 + -5. Suppose h*a - g*l = 24, -4*a = a + l - 42. List the prime factors of a.
3
Suppose 4*j - 674 = -2*d, 4*j - 7*j - 2*d + 503 = 0. What are the prime factors of j?
3, 19
Let h(d) = d**2 + 2*d - 3. Let x be h(-4). Let j(k) = k**3 - 4*k**2 - 3*k - 3. What are the prime factors of j(x)?
7
Suppose -11*v + 1691 - 140 = 0. List the prime factors of v.
3, 47
Suppose -5*g - 7 = -157. List the prime factors of g.
2, 3, 5
Suppose -8 = -21*v + 17*v. Suppose b - 23 = -v*g, 3*g - b + 8 = 45. What are the prime factors of g?
2, 3
What are the prime factors of 3/12 - ((-4412)/16 + -1)?
277
Suppose 0 = p - 4*p + 57. Let h = p + 67. List the prime factors of h/18 + 8/36.
5
Suppose -4*h = -2*r - 144 - 126, 0 = 2*h + r - 125. Let v = 112 - h. What are the prime factors of v?
47
Suppose -1 = -5*o + 9. Suppose o*x = 4*z + 106, -4*z = 5*x - z - 291. What are the prime factors of x?
3, 19
Let v = 15 - -7. List the prime factors of v.
2, 11
Let y = -4 - -4. Let r(k) = y*k + 0*k**2 - k**3 + 4 - 5*k**2 - k. List the prime factors of r(-5).
3
Let a(v) be the third derivative of v**5/60 - v**4/12 - v**3/3 + 2*v**2. What are the prime factors of a(-4)?
2, 11
Let u = -101 + 159. What are the prime factors of u?
2, 29
Suppose 0 = 3*r - 78 - 123. List the prime factors of r.
67
Let m = -3 - -4. Let g = m - 0. What are the prime factors of (-5)/(g/(-1))*4?
2, 5
Let u = 87 - 52. List the prime factors of u.
5, 7
Let c(m) be the third derivative of -m**6/120 - 2*m**5/15 - m**4/3 - 2*m**3/3 - m**2. Let x be c(-6). What are the prime factors of 3/9 - x/6?
5
Let r be 3/(1/(24/9)). Suppose r*h - 140 = 4*h. List the prime factors of h.
5, 7
Suppose -4*d + 6*d = 70. Let c = -8 + d. What are the prime factors of c?
3
Suppose 5*t + 3*n = 693, -3*t + 237 = -n - 176. What are the prime factors of t?
2, 3, 23
Let i(a) = 42*a**3 - 2*a**2 - a. Let s be i(-2). Suppose 0 = -3*g + 46 - 4. List the prime factors of (-4)/g - s/21.
2
Suppose -3*o - 2*u = -5*o + 18, 4*o - 3*u - 39 = 0. Let j = 1 - 2. List the prime factors of o/(-9)*(j + -11).
2
Let i(n) = 8*n**3 + 1. Let m be i(-1). Let w(z) be the second derivative of -z**4/12 - 7*z**3/6 + 3*z**2/2 + z. List the prime factors of w(m).
3
Let s be ((-2)/(-6))/((-2)/(-30)). Suppose 3*r - 5*n - 10 = 0, 0 = 2*r - 9*n + s*n - 4. What are the prime factors of r?
2, 5
Suppose n - 1 - 3 = 0. Suppose -n*w + 0*w = -8. What are the prime factors of w - (2 + -2) - -1?
3
Suppose 5*t = 2*f - 14, 4*f + 0*t + 2*t = -20. List the prime factors of (f - 3)*(-5)/3.
2, 5
Let s = 29 - 1. Suppose a + s = -6. Let n = a - -54. List the prime factors of n.
2, 5
Let h(s) = s**3 - 12*s**2 - s + 8. Let t be h(12). List the prime factors of t/18 + (-1254)/(-54).
23
List the prime factors of 1/(-2) - 238/(-4).
59
Let m(f) = -4*f + 3. Let z = 14 - 21. What are the prime factors of m(z)?
31
Suppose 2*f = 3*f - 5. Suppose -26 = -3*j - f. What are the prime factors of j?
7
Let v be 2/(-7) - (-18)/14. Let f be 4/10*(v + 19). Suppose -f + 0 = -a. What are the prime factors of a?
2
Suppose -2*u - 290 = -7*u. What are the prime factors of u?
2, 29
Let l(f) = -1 + 4 - f + 0 - 1. List the prime factors of l(-10).
2, 3
Suppose 4*h - 7 = -k, 3*k - h - 37 = 3*h. Suppose 5*s - b - 40 = 0, 5*s = 3*b + k + 19. What are the prime factors of s?
3
Suppose -2*v - 40 = -4*v. Let f = v - 11. List the prime factors of f.
3
Suppose -206 = 5*r + 3*n - 594, 80 = r + 3*n. What are the prime factors of r?
7, 11
Suppose -2*l + p - 18 = 3*p, 0 = -l + 2*p - 6. List the prime factors of ((-4)/(-10))/(l/(-160)).
2
Let k(u) = -u**3 + 7*u**2 + 3*u. Let v(g) = 10*g + 2*g**3 + 22*g**2 - 6*g**3 + 3 - 2 - 2*g**2. Let d(s) = -7*k(s) + 2*v(s). List the prime factors of d(-9).
11
Suppose -x = 5*r + 13, x + 4 = -4*r + 2*r. Let q be 8/6 - x/(-3). List the prime factors of q - (-2 - 2/(-1)).
2
Let d(t) = t**3 - t**2 + t + 14. Let u be d(0). Let f = 28 - u. List the prime factors of f.
2, 7
Let g(v) = -6*v**2 + v + 7. Let q(y) = 3*y**2 - 4. Let t(l) = 3*g(l) + 5*q(l). Let o be t(3). Let w = 33 + o. What are the prime factors of w?
2
Suppose -2*a - 62 = -4*a. Suppose a - 106 = -5*s. What are the prime factors of s?
3, 5
Let n(j) = j**2 - j - 8. What are the prime factors of n(-7)?
2, 3
Let g be 5*-2*(-24)/(-8). Let f = g - -42. List the prime factors of f.
2, 3
Let h(g) be the second derivative of -g**5/20 - 5*g**4/12 - g**3/3 - 4*g**2 + 8*g. What are the prime factors of h(-6)?
2, 5
Let m be (-56)/(0 + 6/(-15)). Suppose 5*l - m = -5*k, 128 = 5*k - l + 3*l. Suppose k = 3*z + 3. List the prime factors of z.
7
Let c = -7 + 1. List the prime factors of 1 + 2/c*-3.
2
Suppose 4*g - p - 8 = 2*g, g - 4 = -4*p. What are the prime factors of g?
2
Let z = -9 + 15. Suppose 2*c + p - z*p = 4, -3*c = 5*p - 56. List the prime factors of c.
2, 3
Let w(g) = g**3 - 7*g**2 + 8*g + 5. Let d be (-12)/10*(0 - 5). What are the prime factors of w(d)?
17
Suppose 4*v + 2 = j - 11, j - 31 = -5*v. List the prime factors of j.
3, 7
Let t(a) = a**3 - 7*a**2 + 7*a - 7. Let h be t(6). Let b(g) = -g**3 - g**2 - g. Let z be b(h). What are the prime factors of z/4 + (-126)/(-8)?
2
Let t = 81 + 11. What are the prime factors of t?
2, 23
Suppose 2*q = 7 - 3. Suppose -o + 3 = q*o. Suppose -6 = 2*r + 4*s, s + 8 = 2*r - o. What are the prime factors of r?
3
Suppose 2*m - 26 = -5*y, 3*m = -2*y - 3*y + 29. Let k(u) = 6*u**m - 5*u**3 - 4*u - 4*u**2 - 5 + u. What are the prime factors of k(5)?
5
Let g be -25 - (1 + (-8)/4). Let z = 53 + g. What are the prime factors of z?
29
Suppose -2*a = -a. Let p = a - -9. List the prime factors of p.
3
List the prime factors of (-1698)/(-18) - (0 - (-3)/9).
2, 47
Suppose -5*f - 2*q = -75, 0 = 2*f + 3*q - 19. Let g = 30 - f. What are the prime factors of g?
13
Let f(q) = -3 + 3*q + q**3 + 7*q - 9*q**2 - 1 - 6. Suppose 2*v + 2 = 18. List the prime factors of f(v).
2, 3
Suppose 2 = -s, 0 = -5*r - 0*s - s + 18. Suppose 0 = -5*v - r*k, -v = k - 1 - 0. List the prime factors of 2/3*(-42)/v.
7
Suppose -12 = -2*p - 4*t, -p - t = 2*p - 38. Let u = 20 - p. List the prime factors of u.
2, 3
Let u be ((-8)/(-16))/(1/(-14)). Let l = u + 29. List the prime factors of l.
2, 11
Suppose 32 = 3*o + o. Suppose -o = -0*q - 2*q. Let j = q + 13. What are the prime factors of j?
17
Suppose -5*a + 5*p + 675 = 0, -4*a + 304 + 241 = p. List the prime factors of a.
2, 17
Suppose -3*f = -12, 29 = 2*o - 5*f - 125. List the prime factors of o.
3, 29
Suppose -4*m + 392 = -0*m. List the prime factors of m.
2, 7
Suppose -r - 17 = -3*u, 4*r - u + 0 + 24 = 0. List the prime factors of 15 - r/(15/(-6)).
13
Suppose 4*d - 684 = -5*g, 85 = d + g - 87. List the prime factors of d.
2, 11
Suppose -r + 0*r = 13. Let v = r - -23. What are the prime factors of v?
2, 5
Suppose 20 = c - 31. Let j = -25 + c. Suppose 14 = 4*n - j. List the prime factors of n.
2, 5
Let k be -3 - 5/2*-10. Let a = -20 + k. List the prime factors of a.
2
Let q(o) = 2*o**2 - 8*o - 6. Let x be q(6). Let u = x - -1. List the prime factors of u.
19
Let i(x) = -112*x**3 + x**2 - 1. List the prime factors of i(-1).
2, 7
Suppose 0*l = -5*l - r + 75, -5*l + 4*r = -75. Suppose -2*q + 22 = 2*q + 3*i, -q = -4*i - l. What are the prime factors of q?
7
Let o(a) = 2*a**3 - 4*a**3 + 3 - 3 + 2*a. List the prime factors of o(-2).
2, 3
Let c(b) = 11*b**2 - 1. Suppose -3*y + 3*f + 0*f + 12 = 0, -2*f = 5*y + 1. Let t be c(y). Let j = t + -6. What are the prime factors of j?
2
Let p(i) be the third derivative of -5*i**4/3 - i**3/3 - 11*i**2. List the prime factors of p(-1).
2, 19
Suppose -b = -5*z + 34, 4*z - 5*b - 10 - 13 = 0. Suppose -z*r + 6 = -2*r + 3*v, -3 = v. What are the prime factors of r?
3
Let a = 11 - -8. List the prime factors of a.
19
Suppose 4*n - w = 34, 3*n - 3*w + 2*w = 25. Let g = 27 - n. What are the prime factors of g?
2, 3
Suppose -u + y + 3 = -y, -1 = -3*u + 2*y. Let f be (-11)/((-2 - -3)/u). Suppose -3*m + 4 + f = 0. List the prime factors of m.
5
Let g = -18 - -43. Let d = -17 + g. What are the prime factors of d?
2
Suppose -z + 4 = 2*u + 10, 3*u + 6 = -3*z. What are the prime factors of -6*z*(-8)/6